e the greatest common factor of 492 and 24.
12
Calculate the greatest common factor of 190 and 35.
5
Calculate the highest common divisor of 767 and 413.
59
What is the greatest common divisor of 171 and 817?
19
What is the greatest common factor of 555 and 148?
37
Calculate the greatest common divisor of 6656 and 52.
52
Calculate the highest common factor of 38 and 285.
19
What is the greatest common factor of 70 and 90?
10
What is the greatest common factor of 248 and 16?
8
Calculate the greatest common divisor of 1586 and 130.
26
What is the highest common divisor of 18881 and 79?
79
Calculate the greatest common divisor of 180 and 340.
20
What is the highest common divisor of 320 and 9440?
160
Calculate the greatest common divisor of 240 and 8240.
80
What is the highest common factor of 801 and 356?
89
What is the highest common factor of 1025 and 50?
25
What is the greatest common divisor of 1210 and 10?
10
Calculate the greatest common factor of 36390 and 30.
30
Calculate the greatest common divisor of 10 and 5990.
10
What is the greatest common factor of 5 and 68?
1
What is the greatest common divisor of 371 and 901?
53
What is the highest common divisor of 1349 and 38?
19
What is the greatest common divisor of 210 and 10780?
70
Calculate the highest common divisor of 5746 and 68.
34
Calculate the greatest common factor of 414 and 690.
138
What is the highest common factor of 512 and 176?
16
What is the highest common divisor of 715 and 520?
65
What is the greatest common divisor of 22 and 198?
22
Calculate the greatest common divisor of 64 and 144.
16
Calculate the greatest common factor of 104 and 676.
52
Calculate the highest common factor of 354 and 472.
118
Calculate the greatest common factor of 8 and 733.
1
Calculate the highest common divisor of 30532 and 68.
68
Calculate the highest common divisor of 128 and 8.
8
What is the greatest common divisor of 492 and 4?
4
What is the highest common divisor of 54 and 11088?
18
What is the greatest common factor of 191 and 573?
191
What is the highest common factor of 112 and 8400?
112
What is the highest common factor of 667 and 46?
23
What is the highest common factor of 264 and 2178?
66
What is the highest common divisor of 35773 and 83?
83
What is the greatest common divisor of 88 and 1111?
11
What is the greatest common factor of 43618 and 1158?
386
Calculate the highest common divisor of 192 and 360.
24
Calculate the highest common divisor of 1292 and 1444.
76
What is the greatest common divisor of 55 and 935?
55
Calculate the highest common divisor of 18 and 18.
18
What is the greatest common divisor of 27 and 3?
3
Calculate the greatest common factor of 17877 and 177.
177
What is the greatest common divisor of 10 and 90?
10
What is the greatest common divisor of 320 and 460?
20
Calculate the highest common factor of 224 and 40.
8
What is the highest common divisor of 21 and 357?
21
What is the greatest common factor of 200 and 31100?
100
What is the highest common factor of 18 and 342?
18
Calculate the greatest common factor of 804 and 67.
67
What is the greatest common factor of 390 and 3055?
65
What is the greatest common factor of 240 and 270?
30
Calculate the highest common divisor of 75 and 300.
75
What is the greatest common factor of 52 and 36?
4
Calculate the highest common divisor of 84 and 124.
4
Calculate the highest common divisor of 25 and 725.
25
What is the greatest common factor of 13459 and 129?
43
Calculate the highest common divisor of 153 and 1377.
153
Calculate the greatest common factor of 225 and 432.
9
Calculate the highest common factor of 34 and 323.
17
Calculate the greatest common factor of 228 and 608.
76
Calculate the highest common factor of 18611 and 111.
37
What is the highest common divisor of 4002 and 46?
46
Calculate the greatest common divisor of 1122 and 442.
34
What is the greatest common factor of 225 and 4350?
75
What is the highest common factor of 616 and 2387?
77
Calculate the highest common factor of 20 and 1420.
20
Calculate the highest common factor of 64 and 1392.
16
Calculate the greatest common divisor of 31 and 403.
31
What is the highest common factor of 574 and 280?
14
Calculate the highest common factor of 80 and 340.
20
Calculate the highest common factor of 138 and 204.
6
What is the highest common factor of 8 and 29?
1
What is the highest common factor of 162 and 6?
6
Calculate the highest common divisor of 30 and 70.
10
What is the highest common divisor of 224 and 32?
32
What is the highest common factor of 216 and 120?
24
What is the highest common divisor of 28 and 3668?
28
Calculate the highest common factor of 7011 and 1197.
171
Calculate the highest common divisor of 369 and 279.
9
Calculate the highest common factor of 7 and 616.
7
What is the highest common factor of 3443 and 55?
11
What is the highest common divisor of 1073 and 259?
37
What is the greatest common factor of 13 and 637?
13
Calculate the highest common divisor of 5026 and 14.
14
Calculate the greatest common factor of 1844 and 10.
2
What is the greatest common divisor of 10 and 170?
10
Calculate the highest common divisor of 106 and 318.
106
What is the greatest common factor of 133 and 63?
7
Calculate the highest common factor of 60 and 192.
12
What is the highest common factor of 64 and 52?
4
What is the highest common divisor of 2951 and 130?
13
What is the highest common divisor of 1519 and 49?
49
Calculate the greatest common factor of 122 and 6466.
122
Calculate the highest common factor of 3520 and 1100.
220
What is the greatest common divisor of 805 and 217?
7
What is the highest common divisor of 14161 and 119?
119
What is the greatest common divisor of 200 and 440?
40
What is the highest common factor of 14 and 35?
7
What is the highest common divisor of 26738 and 116?
58
What is the highest common divisor of 45 and 720?
45
What is the highest common factor of 638 and 88?
22
Calculate the highest common factor of 341 and 31.
31
Calculate the greatest common divisor of 2 and 37.
1
What is the highest common factor of 1235 and 285?
95
Calculate the highest common factor of 4 and 2836.
4
What is the highest common divisor of 37 and 925?
37
Calculate the greatest common divisor of 184 and 322.
46
Calculate the greatest common factor of 2256 and 84.
12
Calculate the highest common factor of 276 and 48.
12
Calculate the greatest common divisor of 322 and 7.
7
Calculate the greatest common divisor of 10233 and 379.
379
Calculate the greatest common divisor of 18108 and 144.
36
What is the greatest common factor of 174 and 1421?
29
Calculate the greatest common divisor of 3 and 1041.
3
What is the greatest common factor of 71 and 2059?
71
What is the greatest common divisor of 45 and 414?
9
Calculate the highest common divisor of 279 and 144.
9
Calculate the greatest common divisor of 210 and 1080.
30
Calculate the greatest common factor of 145 and 551.
29
Calculate the greatest common factor of 3485 and 123.
41
Calculate the greatest common factor of 168 and 210.
42
What is the highest common divisor of 329 and 2?
1
What is the greatest common factor of 84255 and 205?
205
What is the highest common factor of 1339 and 515?
103
Calculate the highest common factor of 5329 and 73.
73
What is the highest common divisor of 9 and 1?
1
Calculate the greatest common divisor of 143 and 767.
13
Calculate the greatest common factor of 221 and 26.
13
Calculate the greatest common divisor of 5 and 4835.
5
Calculate the greatest common divisor of 3 and 389.
1
What is the greatest common factor of 33 and 528?
33
What is the highest common divisor of 961 and 31?
31
What is the highest common divisor of 192 and 3?
3
Calculate the greatest common factor of 414 and 4.
2
Calculate the greatest common divisor of 54 and 4128.
6
Calculate the highest common factor of 15504 and 24.
24
Calculate the highest common divisor of 95 and 16.
1
What is the greatest common divisor of 3174 and 2346?
138
Calculate the greatest common factor of 448 and 16.
16
Calculate the greatest common factor of 6402 and 110.
22
What is the highest common divisor of 117 and 3432?
39
Calculate the greatest common divisor of 2646 and 168.
42
Calculate the greatest common factor of 924 and 132.
